2
In base 12, what is 144 - -14a1a1?
14a325
In base 3, what is -121121112 + 1110200?
-120010212
In base 3, what is 102101120 - 1001112?
101100001
In base 15, what is 56 - 225c3?
-2256c
In base 6, what is 40 - 310415123?
-310415043
In base 16, what is 12c2d2 - -4?
12c2d6
In base 11, what is 29 - -6908819?
6908847
In base 16, what is 20700 - 1b?
206e5
In base 10, what is -31013135 + 3?
-31013132
In base 3, what is -12201021001010 - -22112?
-12201020201121
In base 13, what is b85 + -2068?
-11b3
In base 12, what is -1074 - -12737?
11683
In base 6, what is 10 - 20340035?
-20340025
In base 2, what is -11 + -111101100101010011011?
-111101100101010011110
In base 4, what is 3233230 + 23332?
3323222
In base 16, what is 3e13a1 + 3?
3e13a4
In base 9, what is -38 + 235516?
235467
In base 12, what is 0 + 160b82?
160b82
In base 5, what is 402040412 + 0?
402040412
In base 2, what is -1011101111011000010110 + -1000?
-1011101111011000011110
In base 3, what is -22 - 20020022220011020?
-20020022220011112
In base 2, what is 110001001010110000000 + 100?
110001001010110000100
In base 16, what is -3 - 3a226da?
-3a226dd
In base 5, what is -21021 - -20222?
-244
In base 13, what is 74b + -b3000?
-b2582
In base 6, what is -310201 - 30130?
-340331
In base 3, what is 100 - -121200010110121?
121200010110221
In base 4, what is -10 - 23302230013?
-23302230023
In base 16, what is 35d7 + 7e?
3655
In base 11, what is -116 + 56122?
56007
In base 13, what is -4 - 3c4186?
-3c418a
In base 4, what is -1111 - 1031011231?
-1031013002
In base 9, what is 1 - 406558?
-406557
In base 5, what is 2042 + 30044044?
30101141
In base 13, what is -371 - -171264?
170bc3
In base 4, what is -1020211022 - 131001?
-1021002023
In base 9, what is -2001 + 20014?
17013
In base 10, what is -14 + 40426918?
40426904
In base 4, what is 3 + 1133300213?
1133300222
In base 5, what is -11 - 33303112?
-33303123
In base 11, what is 12165447 + 15?
12165461
In base 3, what is 10121101010000110110 - -11?
10121101010000110121
In base 2, what is 100010001 + 10101100000110011001?
10101100001010101010
In base 5, what is -31 + 11122002342?
11122002311
In base 8, what is 367376365 - 5?
367376360
In base 13, what is 5c7 - 7a5?
-1ab
In base 5, what is 4143110 + -1100?
4142010
In base 7, what is 144650 + -124263?
20354
In base 9, what is 54215 + 7085?
62311
In base 16, what is -2f + 24d86?
24d57
In base 4, what is 1211232 + -2002330?
-131032
In base 2, what is -1011110010 + 101110111010110111?
101110101111000101
In base 3, what is 20200000220 + -110?
20200000110
In base 4, what is 1100132 - -222321210?
230022002
In base 3, what is -222022020 - -2200010?
-212122010
In base 4, what is 20201 + 1111220211?
1111301012
In base 6, what is -31343 + -223242?
-255025
In base 11, what is 1465 - -133319?
134783
In base 16, what is 3 - -12f10b?
12f10e
In base 5, what is 230222100 + -213?
230221332
In base 3, what is -1122112101122222 - 100?
-1122112101200022
In base 11, what is -37308 + 702?
-36706
In base 15, what is 30a49db + -5?
30a49d6
In base 6, what is -21 - 1250404151?
-1250404212
In base 10, what is 77219 + 62?
77281
In base 14, what is -44c6d9 - 2?
-44c6db
In base 10, what is -341 - -569388?
569047
In base 2, what is 1101001 + -10111111101110000110?
-10111111101100011101
In base 16, what is -12d - -1f938?
1f80b
In base 5, what is -1233 - -33034132?
33032344
In base 14, what is -4a22b6b - -1?
-4a22b6a
In base 3, what is 20121001020 - -11211?
20121020001
In base 9, what is 418056366 - 2?
418056364
In base 3, what is 211012011112 - 111?
211012011001
In base 16, what is 647898 - -5?
64789d
In base 11, what is 254 - 20012?
-1a869
In base 15, what is b86 - -ca8?
193e
In base 2, what is 1011101111101101 + -1101100?
1011101110000001
In base 9, what is 48 + -1420?
-1361
In base 6, what is -103012011 + -213?
-103012224
In base 10, what is 1418 - -4791?
6209
In base 9, what is 1 + -85430042?
-85430041
In base 4, what is 12002311122 - -2122?
12002313310
In base 14, what is -127 - ac22d7?
-ac2420
In base 10, what is -55984 - 230?
-56214
In base 8, what is -242 + -51645?
-52107
In base 13, what is 212a2320 - 3?
212a231a
In base 10, what is -4 - -30227650?
30227646
In base 15, what is -9 + -9c1360?
-9c1369
In base 5, what is -2240 + -4242004?
-4244244
In base 6, what is 243535 + 15313?
303252
In base 15, what is 828d0e9 + 5?
828d0ee
In base 4, what is -20011 + -2222300?
-2302311
In base 8, what is -737540 - -62?
-737456
In base 2, what is -100011000001100 + 100110111?
-100010011010101
In base 7, what is 1236303 - -3104?
1242410
In base 11, what is 44 - -579255?
579299
In base 4, what is -20130233 - -1232220?
-12232013
In base 13, what is 4 - 97115?
-97111
In base 2, what is 111000 + 111011101011100001?
111011101100011001
In base 2, what is 1101011001000101 + 100110?
1101011001101011
In base 8, what is 41533237 + 3?
41533242
In base 4, what is -1130211 - -103101?
-1021110
In base 13, what is 17980017 + 1?
17980018
In base 4, what is -2102231 + 21031?
-2021200
In base 4, what is -1031013221121 - -131?
-1031013220330
In base 16, what is -ce5 - 2a2?
-f87
In base 12, what is b69 + -20296?
-1b329
In base 11, what is 4 - -193699659?
193699662
In base 10, what is -97252 - -227?
-97025
In base 9, what is 12448 + 6361?
18820
In base 11, what is 5 - -3470221?
3470226
In base 15, what is -32 + 8d7a?
8d48
In base 4, what is 102212 - -1111221?
1220033
In base 3, what is -102 - -101101212121?
101101212012
In base 2, what is 1110010 + 11101010100111100010?
11101010101001010100
In base 15, what is -2442446 - 3?
-2442449
In base 6, what is -140552313 + -3?
-140552320
In base 10, what is 0 + -960018?
-960018
In base 10, what is 1013 - -336034?
337047
In base 7, what is -2 - -12666301?
12666266
In base 14, what is -62c2 + -d128?
-1540a
In base 13, what is -10 + -1195c?
-1196c
In base 3, what is 10201110120 - 1101010?
10200002110
In base 9, what is -1 + -103107860?
-103107861
In base 7, what is -101 - 156553636?
-156554040
In base 4, what is -2323121213 - -1321?
-2323113232
In base 12, what is 58 - 6a8b11?
-6a8a75
In base 8, what is -557271 - -25?
-557244
In base 3, what is 12100012020002 + 21?
12100012020100
In base 14, what is 5 + -14d1d37c?
-14d1d377
In base 4, what is -11201311112000 - 11?
-11201311112011
In base 6, what is -101545 - -4534121?
4432132
In base 15, what is -2 + 3819d32?
3819d30
In base 9, what is -4 - -262408868?
262408864
In base 9, what is 16 + -642131?
-642114
In base 10, what is -233762505 - -2?
-233762503
In base 6, what is -10433312 - 1025?
-10434341
In base 8, what is -125620 + -326?
-126146
In base 4, what is -11113230 - 3132?
-11123022
In base 2, what is 1011 - 10000111000010110001001?
-10000111000010101111110
In base 12, what is 1556 + -17523?
-15b89
In base 5, what is -13102023232 - 3?
-13102023240
In base 8, what is 27671244 - 1?
27671243
In base 15, what is -6 + -147973a?
-1479741
In base 13, what is 1605 - 40a6?
-27a1
In base 16, what is -2a9c - -36?
-2a66
In base 5, what is 24203112441 + 1?
24203112442
In base 3, what is 12211011 + 21002222?
110221010
In base 12, what is -405a42 + -66?
-405aa8
In base 5, what is 1002 + -1411132?
-1410130
In base 6, what is 352 + -3440153?
-3435401
In base 13, what is 5 + 73aa988?
73aa990
In base 12, what is 449802 + 140?
449942
In base 14, what is -8 - 6a17d?
-6a187
In base 3, what is 11 - 120000112112021?
-120000112112010
In base 10, what is 656533 - 0?
656533
In base 16, what is 3e3858c - 6?
3e38586
In base 8, what is -3751 - -52271?
46320
In base 14, what is -3 + -66282c?
-662831
In base 16, what is -139 - -1373f?
13606
In base 6, what is 10113 - 53353?
-43240
In base 6, what is 102 - 1432540?
-1432434
In base 8, what is -1062 - -41153?
40071
In base 6, what is 222 + -13500125?
-13455503
In base 11, what is -576937961 - -5?
-576937957
In base 13, what is -a9 + a686aa?
a68601
In base 9, what is 5 + -44862616?
-44862611
In base 9, what is 6541 - -34854?
42505
In base 4, what is 10 + 13331332021?
13331332031
In base 3, what is 1102020000201 - 102?
1102020000022
In base 15, what is 146 - -555?
69b
In base 13, what is -14bb78b6 - 3?
-14bb78b9
In base 12, what is b73 + -3b8?
777
In base 4, what is -23232301113 + 2012?
-23232233101
In base 16, what is -28229 + -1d2?
-283fb
In base 10, what is 44286